490 is divided by 3862.
20
What is the remainder when 6866449 is divided by 693?
205
What is the remainder when 3567 is divided by 444?
15
What is the remainder when 1386779713 is divided by 265?
263
Calculate the remainder when 74772 is divided by 9265.
652
What is the remainder when 5876569 is divided by 23?
0
What is the remainder when 160106 is divided by 8599?
5324
What is the remainder when 315495 is divided by 15010?
285
Calculate the remainder when 14047987 is divided by 1619.
1543
What is the remainder when 5838513 is divided by 187?
186
Calculate the remainder when 2926484 is divided by 272.
36
What is the remainder when 2427174 is divided by 17?
16
Calculate the remainder when 356055152 is divided by 118685050.
2
Calculate the remainder when 233644 is divided by 5840.
44
What is the remainder when 537582 is divided by 249?
240
Calculate the remainder when 575920 is divided by 284057.
7806
Calculate the remainder when 738337 is divided by 4575.
1762
What is the remainder when 12554953 is divided by 1666?
1643
Calculate the remainder when 1325842 is divided by 4562.
2862
What is the remainder when 1018194 is divided by 143464?
13946
Calculate the remainder when 1370124 is divided by 14.
0
What is the remainder when 308088979 is divided by 1971?
1969
What is the remainder when 1544658 is divided by 281?
1
Calculate the remainder when 559463 is divided by 55939.
73
Calculate the remainder when 3056809 is divided by 18639.
13
What is the remainder when 884493 is divided by 884466?
27
What is the remainder when 62269 is divided by 3380?
1429
Calculate the remainder when 3120638 is divided by 12.
2
What is the remainder when 11069031 is divided by 3873?
3870
What is the remainder when 1387124 is divided by 654?
644
What is the remainder when 74513088 is divided by 3104712?
0
Calculate the remainder when 22947 is divided by 5596.
563
Calculate the remainder when 16162 is divided by 1592.
242
What is the remainder when 2412253 is divided by 233?
4
What is the remainder when 1603075 is divided by 365?
360
Calculate the remainder when 4562508 is divided by 2500.
8
What is the remainder when 3963798 is divided by 52850?
48
Calculate the remainder when 4280951 is divided by 505.
66
Calculate the remainder when 561461 is divided by 8602.
2331
Calculate the remainder when 112997079 is divided by 267.
9
Calculate the remainder when 630969 is divided by 179.
173
What is the remainder when 2315179 is divided by 221?
204
Calculate the remainder when 54414 is divided by 26014.
2386
Calculate the remainder when 46859056 is divided by 259.
258
What is the remainder when 2605161 is divided by 2153?
31
What is the remainder when 4675318 is divided by 1665?
1663
Calculate the remainder when 124750 is divided by 720.
190
Calculate the remainder when 1176445 is divided by 365.
50
What is the remainder when 16795167 is divided by 265?
262
What is the remainder when 166342 is divided by 40745?
3362
What is the remainder when 45820 is divided by 2144?
796
What is the remainder when 309138 is divided by 1415?
668
What is the remainder when 1228954 is divided by 18620?
34
Calculate the remainder when 7237279 is divided by 1169.
0
What is the remainder when 273365 is divided by 159?
44
Calculate the remainder when 2491954 is divided by 11327.
14
Calculate the remainder when 120411 is divided by 40120.
51
What is the remainder when 41720 is divided by 712?
424
What is the remainder when 84578 is divided by 195?
143
Calculate the remainder when 14774984 is divided by 254738.
180
What is the remainder when 258127 is divided by 85519?
1570
Calculate the remainder when 7562822 is divided by 343764.
14
Calculate the remainder when 12704622 is divided by 93.
78
What is the remainder when 360211794 is divided by 869?
866
Calculate the remainder when 10617 is divided by 172.
125
Calculate the remainder when 1989039 is divided by 6120.
39
What is the remainder when 3578824 is divided by 112?
88
Calculate the remainder when 692810 is divided by 230909.
83
Calculate the remainder when 463432 is divided by 46339.
42
Calculate the remainder when 1294132 is divided by 323421.
448
What is the remainder when 45892 is divided by 3324?
2680
What is the remainder when 6997 is divided by 5982?
1015
Calculate the remainder when 171754 is divided by 3917.
3323
What is the remainder when 21608360 is divided by 10804177?
6
Calculate the remainder when 28482628 is divided by 1424131.
8
Calculate the remainder when 6058731 is divided by 443.
263
Calculate the remainder when 1983960 is divided by 180345.
165
What is the remainder when 3641382 is divided by 3641346?
36
Calculate the remainder when 1806891 is divided by 238.
233
What is the remainder when 181003 is divided by 382?
317
What is the remainder when 256899 is divided by 128418?
63
Calculate the remainder when 154296 is divided by 12837.
252
Calculate the remainder when 331397 is divided by 4096.
3717
What is the remainder when 22178141 is divided by 7392711?
8
Calculate the remainder when 222223 is divided by 1611.
1516
What is the remainder when 77184 is divided by 1428?
72
What is the remainder when 826280 is divided by 679?
616
Calculate the remainder when 1445886 is divided by 4342.
0
What is the remainder when 1064363 is divided by 4003?
3568
Calculate the remainder when 132468 is divided by 2709.
2436
Calculate the remainder when 156090 is divided by 9406.
5594
Calculate the remainder when 5683176 is divided by 5729.
8
Calculate the remainder when 71965277 is divided by 9351.
9332
Calculate the remainder when 54469389 is divided by 1608.
1605
Calculate the remainder when 226336642 is divided by 4688.
2
What is the remainder when 21428206 is divided by 311?
306
Calculate the remainder when 16238 is divided by 40.
38
What is the remainder when 4386570 is divided by 137074?
202
Calculate the remainder when 20140 is divided by 19888.
252
What is the remainder when 14906971 is divided by 21?
16
What is the remainder when 7788 is divided by 24?
12
Calculate the remainder when 57631 is divided by 9593.
73
What is the remainder when 31309396 is divided by 224?
20
Calculate the remainder when 887891 is divided by 221841.
527
What is the remainder when 265132 is divided by 274?
174
What is the remainder when 2116518 is divided by 144?
6
What is the remainder when 98192579 is divided by 174?
29
Calculate the remainder when 1175496 is divided by 591.
588
What is the remainder when 12288264 is divided by 259?
9
Calculate the remainder when 434144 is divided by 368.
272
What is the remainder when 87159491 is divided by 1778765?
6
What is the remainder when 530507 is divided by 26524?
27
What is the remainder when 14747386 is divided by 46966?
62
Calculate the remainder when 666169 is divided by 2882.
427
What is the remainder when 1381490 is divided by 1780?
210
What is the remainder when 341164 is divided by 274?
34
Calculate the remainder when 591441 is divided by 62.
23
Calculate the remainder when 21264296 is divided by 10632141.
14
What is the remainder when 4247764 is divided by 1723?
569
Calculate the remainder when 1278904 is divided by 759.
748
Calculate the remainder when 657258 is divided by 3058.
2846
Calculate the remainder when 2762785 is divided by 394618.
459
What is the remainder when 31166 is divided by 2095?
1836
Calculate the remainder when 93488 is divided by 521.
229
Calculate the remainder when 5512828 is divided by 21041.
86
What is the remainder when 11765844 is divided by 552?
516
Calculate the remainder when 55606 is divided by 2918.
164
Calculate the remainder when 39791 is divided by 35658.
4133
What is the remainder when 1473949280 is divided by 21?
20
Calculate the remainder when 3066764 is divided by 1507.
19
Calculate the remainder when 31035 is divided by 89.
63
What is the remainder when 346531770 is divided by 173265885?
0
What is the remainder when 18555564 is divided by 205?
194
What is the remainder when 232299 is divided by 3512?
507
Calculate the remainder when 29400711 is divided by 9800231.
18
What is the remainder when 15142453 is divided by 4183?
4176
Calculate the remainder when 48730954 is divided by 719.
10
What is the remainder when 20618375 is divided by 177?
176
What is the remainder w